 Let m = z - 694. Calculate the greatest common divisor of m and w.
2
Let u be ((-34)/8)/(136/(-64) - -2) + -7. What is the highest common divisor of u and 12420?
27
Let p be 4/(-4) + -5 - -78. Let z = 552 - p. What is the highest common factor of z and 48?
48
Let i be 1/4 - 35/(-4). Let w(c) = -16*c**2 + 129*c + 35. Let s be w(8). Suppose -s - 47 = -i*o. What is the greatest common divisor of o and 50?
10
Let f be 389/13 - 11/(-143). Let l(u) = -u**2 + 29*u + 67. Let y be l(f). Calculate the highest common divisor of y and 37.
37
Let h = 8501 - 8479. What is the highest common factor of h and 2563?
11
Suppose 0 = -l - 0*l - 2*y + 21, -5*l + 70 = 5*y. Calculate the highest common factor of l and 679.
7
Suppose 3*n + 9 = -2*v + 14, -5*v - n + 32 = 0. Let o(d) = 16*d - 74. Let m be o(v). Calculate the greatest common divisor of 2 and m.
2
Let r be -24*5/5*-1. Suppose 4*f - 12 = 5*f. Let w = 0 - f. Calculate the highest common factor of w and r.
12
Suppose -10*h + 54 + 46 = 0. Let y = h + -16. Let r be (-28)/(-21) + (-706)/y. Calculate the highest common divisor of r and 17.
17
Let w(y) = -22 - y + 53 + 2*y**3 + 10*y**2 - 18 - 26 + 3*y**2. Let l = 13 + -19. Let x be w(l). Calculate the greatest common divisor of x and 319.
29
Suppose 0 = 4*l, 0 = v + 2*l - 50 - 30. Let p = 95 - v. What is the greatest common divisor of p and 3?
3
Let p be ((-77)/((-385)/260))/(8/6). Let v = -15 + 223. What is the highest common factor of p and v?
13
Let h be (58 - -2) + -8 + 8. Let w be 184/18 - (h/54)/5. Calculate the highest common divisor of 25 and w.
5
Let y = 587 + -579. What is the greatest common divisor of 188 and y?
4
Let w = 8234 + -8073. Suppose 5*g = 3*o - 227, 0 = -3*o + 3*g - 1 + 220. Calculate the greatest common factor of o and w.
23
Let q(i) = -i**3 + 11*i**2 + 26*i + 5. Let y be q(13). Suppose -5*x + 95 = y*r, x = 7*r - 3*r - 56. What is the highest common factor of r and 240?
15
Let g be (-24)/16*(-17 + 15). Calculate the greatest common divisor of g and 111.
3
Let f = -749 - -1061. What is the greatest common factor of 208 and f?
104
Let s = 627 - 645. Let l be 357/1 + (-15 - s). What is the highest common factor of l and 30?
30
Suppose 5*y = -3*w - 3, 51*w = 46*w + 4*y + 32. Suppose 0 = 19*q + w*q - 115. What is the greatest common factor of q and 3?
1
Let v be 101 - (410/45 - 9 - (-128)/(-18)). Let i be (54/(-4))/(1/(-2)). Calculate the highest common factor of i and v.
27
Let u be (688/(-258))/((-4)/6). What is the highest common factor of u and 293?
1
Suppose 9*y = 10*y - 3*z + 4, -17 = 2*y + 3*z. Let w be (-2)/(-4)*(24 + 2). Let i be w - (y - (-4 - 0)). Calculate the greatest common factor of i and 16.
16
Suppose 165*t = 166*t - 95. Let q = -69 + t. What is the highest common factor of 1118 and q?
26
Let q be (-203)/(-3)*(-2160)/(-420). Calculate the greatest common factor of q and 2175.
87
Suppose 19*f - 23737 - 6815 = 0. Calculate the greatest common divisor of f and 32.
8
Let g = -3675 - -3694. What is the greatest common divisor of 437 and g?
19
Let k(v) = -v**3 + 14*v**2 + 2*v - 28. Let p be k(14). Suppose -160 = -5*f + t + 39, -4*f - t + 161 = p. What is the greatest common divisor of 40 and f?
40
Let v = -175 + 164. Let p(q) = -3*q + 183. Let o be p(v). What is the greatest common divisor of o and 12?
12
Suppose 2359 = 30*c - 191. What is the highest common divisor of c and 68?
17
Let b(j) be the second derivative of j**3 + 9*j**2 - 3*j. Let h be b(-4). Let p be 6 - (-3)/h*0. Calculate the highest common divisor of p and 30.
6
Let p(v) = 38*v**2 + 38*v + 318. Let r be p(-9). What is the greatest common factor of 6 and r?
6
Suppose -328*z = -242*z - 392418. What is the greatest common factor of 234 and z?
117
Let j be 18/4 + 2/(-4). Suppose -6*g + j*g = -10. Suppose t - 9 = 0, -t + 187 - 423 = -7*n. What is the highest common divisor of n and g?
5
Suppose -11 = 7*i - 11. Suppose -3*y + f - 238 = 0, -y - 4*f - 75 = -i*f. Let u = 95 + y. Calculate the greatest common divisor of 2 and u.
2
Let u(o) = -19*o**2 - 17*o + 10 + o**3 + 23 - 10 - 2*o**3. Let z be u(-18). Suppose 397 = z*v - 8. What is the greatest common divisor of 9 and v?
9
Suppose -50*x + 15330 = 23*x. What is the highest common divisor of 84 and x?
42
Suppose -160 = -40*i + 120. Calculate the highest common factor of 1267 and i.
7
Let s(a) = a**2 + 22*a - 16. Let k be s(-25). Suppose -4*b = -k - 1. Calculate the highest common factor of b and 5.
5
Let j = 43 - 41. Suppose -q - j*r + 24 = -64, 0 = -r. Let y = -2 - -13. Calculate the greatest common divisor of q and y.
11
Let j(l) = -17*l**2 + 596*l - 6. Let n be j(35). Calculate the greatest common divisor of 4988 and n.
29
Suppose 756*t - 15 = 759*t. Let v(a) = 13*a**2 + 17*a - 15. Let b be v(t). What is the highest common divisor of b and 9?
9
Let o(m) = m**3 - m + 0*m**3 + 3*m**2 + 464 + m - 4*m + 3*m. Let h be o(0). Calculate the highest common factor of 29 and h.
29
Suppose -5*d = 3*q - 1782, -5*d + 4*d - 594 = -q. Calculate the greatest common divisor of 342 and q.
18
Suppose -2*a + 316*v = 318*v - 5038, 3*v = 2*a - 4998. What is the greatest common divisor of 36 and a?
9
Suppose -11256*v + 11286*v - 14520 = 0. What is the highest common factor of v and 77?
11
Let w(m) = m**2 - 387*m + 22. Let h be w(0). Suppose -5*j = 8 - 58. Suppose -u = -j - 45. Calculate the highest common divisor of h and u.
11
Let h(y) = -y + 80. Let m(p) = -2*p**2 - 53*p - 46. Let o be m(-25). Let k be h(o). What is the highest common divisor of 17 and k?
17
Suppose 3*f = 4*k - 5537 - 8209, -k = 2*f - 3453. Calculate the highest common factor of 148 and k.
37
Let t be (-128)/(-80)*35/4. Let y be t/49 + (3 - (-1377)/7). Calculate the highest common factor of 250 and y.
50
Suppose 0 = -53*j + 72*j - 2128. Calculate the greatest common divisor of j and 406.
14
Let w = -607 + 677. Suppose -35 = -4*g + 3*d + 157, 5*d = -2*g + w. What is the greatest common factor of g and 495?
45
Let r = -6710 + 7606. Calculate the greatest common divisor of 1024 and r.
128
Let o(s) be the first derivative of 49*s**3/3 + 15*s**2/2 + 10*s - 175. Let q be o(-2). What is the highest common factor of q and 11?
11
Let n(a) be the third derivative of a**5/15 + 7*a**4/24 - 9*a**3/2 + 22*a**2 - 2*a. Let u be n(3). What is the highest common factor of u and 150?
30
Let a(m) = -329*m - 416. Let i be a(-13). Calculate the highest common divisor of 3267 and i.
297
Let u = 9364 - 9039. Calculate the greatest common divisor of 400 and u.
25
Let s = -88 + 104. Let t(i) = -3*i + 49. Let w be t(s). What is the highest common factor of w and 27?
1
Let i(p) = 3*p**2 - 371*p - 4134. Let x be i(134). Suppose -2*o = -221 - 199. Calculate the highest common divisor of x and o.
10
Let h = 2372 + -2345. Calculate the greatest common factor of h and 1989.
9
Let c = -575 + 584. Suppose -11*w + 8 = -c*w, 3*f + 4*w = 46. Let j be -4 + 46 - 2*1. What is the greatest common divisor of j and f?
10
Let t be 354/2 - ((24 - 12) + -19). What is the greatest common divisor of t and 16376?
184
Suppose l - 3*c + 11 = 12, 4*l - 15 = c. Suppose v - 17 = l. Calculate the highest common divisor of 3 and v.
3
Suppose -3*p = 2*q + 1443, -6*p + 4*q - 495 = -5*p. Let g be (p/(-7))/(-3)*-1. Let d = 96 - -19. What is the greatest common divisor of d and g?
23
Suppose 287 = 2*x + 3*u - 18, -3*x = 5*u - 455. Let q be (-27)/(-1)*(-88)/(-121) - 32/(-88). What is the greatest common divisor of q and x?
20
Let u = -9243 + 9297. Calculate the greatest common divisor of 2151 and u.
9
Let p(h) = -30*h**2 + h + 3. Let g be p(2). Let s = g + 129. Suppose -2*u + 105 = 3*u. What is the greatest common factor of u and s?
7
Let i be (958/5)/((-847)/(-140) - 6). What is the greatest common divisor of i and 32?
8
Let r(v) = 10*v - 22. Let s be r(5). What is the highest common divisor of 938 and s?
14
Suppose -8*n = -2*n - 510. Suppose -n*x + 48 = -79*x. Suppose -30 + 150 = 5*h. What is the greatest common factor of h and x?
8
Let o = -3003 + 3263. What is the highest common divisor of o and 220?
20
Let o be -5 - 1/2*(-2515 + 125). Calculate the highest common divisor of 3689 and o.
119
Let s(z) = -z**2 + 8*z - 3. Let u be s(5). Let f = 658956 + -658794. What is the greatest common divisor of u and f?
6
Let p = 3259 + -3241. 